t k(h) = 2*h**2 + 43*h + 11. Determine k(t).
-10
Let d(f) = 8*f**3 - 2*f**2 - 4*f + 8. Let j(p) = p**3 - p + 1. Let h(w) = -d(w) + 6*j(w). Suppose 4 = i + q, 147*i = 149*i - q - 2. Calculate h(i).
-14
Let u(t) = 6*t + 1. Let g(n) = 17*n + 4. Let h(c) = -4*g(c) + 11*u(c). Let z(f) = f**2 - 18*f - 12. Let w be z(16). Let y = -48 - w. Give h(y).
3
Let r(p) be the second derivative of -p**5/20 - 17*p**4/12 - 17*p**3/6 - 8*p**2 + 747*p. Calculate r(-16).
0
Let z(y) = 3*y**2 + 12*y. Let l(g) = -4*g**2 - 13*g + 2. Let w(r) = 2*l(r) + 3*z(r). Let t be (5/((-10)/44))/2. Give w(t).
15
Let l(v) be the third derivative of v**5/60 - v**4/24 - v**3/6 + 6*v**2 + 61*v. Let n be (-2)/(-6)*(-6)/(-2). Determine l(n).
-1
Let j = 101 + -91. Let h(t) = 4 - 8*t - j*t - 1 + 17*t. Determine h(1).
2
Let c(q) = -3*q**3 + 16*q**2 + 4. Suppose 3*y = 2*k - 1, 118*k - 5*y - 10 = 113*k. Give c(k).
29
Let y(p) = p**3 - 17*p**2 - 335*p + 5708. Let n be y(18). Let x(v) be the first derivative of 2*v**2 - 12*v + 1. Give x(n).
-4
Let a(o) = -6*o**3 + 12*o - 4. Let z be 0/((3 - 1)*1). Let m(w) = z*w**2 - 11*w + 5*w**3 + 26 - w**2 - 22. Let r(q) = 4*a(q) + 5*m(q). What is r(6)?
-2
Let i(n) be the first derivative of -10*n**3/3 + n**2 - 2*n - 1693. Calculate i(0).
-2
Let v = -193 + 288. Suppose 3*y = -4*l + 64, 5*y = -l + v + 6. Let k = y + -23. Let s(a) = a + 1. Calculate s(k).
-2
Let a = 10 - -13. Suppose 4*m - 89 = -5*y, -y = -0*m + m - a. Let d = m - 22. Let i(f) = -f**3 + 5*f**2 - 5*f - 2. What is i(d)?
-6
Suppose 20 = 4*p - o - 3*o, 13 = 3*p - 4*o. Suppose 2 = -3*c - 4*z, 5*c - p = -2*z - 15. Let g(k) = k**2 + 4*k. Give g(c).
-4
Let x(y) = 13*y**2 - 2*y + 2*y - 12*y**2 + 3*y. Let q(k) = 7*k**2 + 25*k + 3. Let v(i) = q(i) - 6*x(i). Calculate v(-6).
-3
Let k(b) = b**3 - 8*b**2 + 8*b - 10. Let j be ((-6)/(-8))/((15/5)/(-12)). Let x be j - (-70 + 20/5). Suppose 14 = -7*z + x. Determine k(z).
-3
Let h = 396 - 377. Suppose 3*g + h = 1. Let u(t) = -t - 16. Calculate u(g).
-10
Let m(x) be the second derivative of -1/12*x**4 + 6 - 5*x + 1/2*x**2 - 1/2*x**3. Determine m(-4).
-3
Let n(c) = -c**3 + 451*c**2 - 3*c + 3 - 428*c**2 - 27*c**2. Let t be 0 + 2 + 1 + -6. Calculate n(t).
3
Let w(p) = -2*p**3 + 3*p**2 - 5*p + 4. Let o(n) = 293*n + 3520. Let s be o(-12). What is w(s)?
-96
Let q(b) = 22*b - 161. Let u(d) = -41*d + 292. Let x(r) = 11*q(r) + 6*u(r). Give x(-4).
-3
Suppose 0 = -2*t + 11 + 33. Let x be (-2 - t)*(-3 - 14/(-3)). Let j = x + 44. Let c(b) = b + 4. Determine c(j).
8
Let g(r) = -2*r**2 - 13*r - 4. Let m be g(-6). Let t(f) = 6*f**m - 8 - 7*f**2 + 6 + 2*f. Let v = -31 - -34. Give t(v).
-5
Let f(n) = -2*n + 6*n**3 + 1324*n**2 - 1305*n**2 - 56 + 6*n + 5*n. Let d(j) = j**3 + 4*j**2 + 2*j - 11. Let u(b) = 11*d(b) - 2*f(b). Give u(6).
15
Let p(u) = u**3 - 34*u**2 - 2*u + 76. Let x(a) = 2*a**2 - 9*a - 421. Let n be x(-13). Determine p(n).
8
Let y = -2090 + 2080. Let r(l) = -6*l - 16. Let t(v) = -5*v - 15. Let g(o) = 3*r(o) - 4*t(o). Determine g(y).
-8
Suppose 2 = -3*f - 5*c, 5*c + 7 = 2*f - 0. Let o(m) = -m**3 + 2*m**2 - 6*m + 6. Let i(j) = j**2 - j + 1. Let u(n) = f*o(n) - 6*i(n). Determine u(-5).
25
Let t(a) = -a - 2. Suppose s = -n - 221, 2*n - 673 = 3*s - 0*s. Let l = -228 - s. Give t(l).
3
Let t(s) = -2*s**2 - 9*s - 3. Let m be ((-40)/(-90) + 13/(-9))*(-4)/(-1). Give t(m).
1
Let v(f) be the first derivative of -f**4/2 - 20*f**3/3 - 31*f**2/2 - 17*f - 7751. Calculate v(-8).
-25
Let s = 152 - 383. Let q = -224 - s. Let m(v) = v**3 - 8*v**2 + 6*v - 5. Determine m(q).
-12
Let i = -6112 + 6114. Let m(r) = -9*r**2 - r + 2. What is m(i)?
-36
Let j(t) = -t**3 + 2*t**2 - 2*t. Suppose 396*x + 655 = 527*x. Calculate j(x).
-85
Let o(r) be the third derivative of -r**5/20 - 5*r**4/6 - 17*r**3/6 + 6*r**2 - 81*r. Determine o(-5).
8
Suppose g = 5*h - 27, 7*g - 3*g = -h - 3. Let u(f) = -h + 20 - 147*f + 146*f. Let a be u(14). Let k(r) = -2*r**2 - 2*r + 1. Give k(a).
-3
Suppose -9*z + 2805 = 6*z. Let b = 197 - z. Let f(g) = g - 10. Give f(b).
0
Let x(i) = -25*i**3 - 23*i**2 + 21*i + 10. Let j(p) = 21*p**3 + 22*p**2 - 21*p - 9. Let n(r) = -6*j(r) - 5*x(r). Give n(-18).
-50
Let b(v) be the second derivative of -7*v**3/6 + 75*v**2/2 + 43*v + 13. What is b(11)?
-2
Let b(d) be the first derivative of -2*d**3/3 + 17*d**2/2 - 20*d + 1503. What is b(6)?
10
Suppose 15*s = -8*s + 53889. Let j(u) = -2348 + 0*u - u + s. Suppose l = -8 + 4. Determine j(l).
-1
Suppose -16*x = -159 + 335. Let m(z) = 6*z + 12. Calculate m(x).
-54
Let z(a) be the first derivative of 4*a**2 + 6*a - 2060. Determine z(-2).
-10
Let b(f) be the first derivative of f**2/2 - 9*f - 52. Let n = -10 + 10. Suppose -5*a + 17 + 3 = n. Give b(a).
-5
Suppose 12 = 4*u + 2*h, -u + 3 = 3*h - 5. Suppose 3*f = t + 3 + 10, -2*t - u*f = 2. Let y(p) = 3*p + 3. Give y(t).
-9
Let p(q) = -q**3 - 3*q**2 - 4. Let a(r) = -29*r**2 - 56*r - 2. Let l be a(-2). What is p(l)?
104
Let h(o) = 5*o + 127. Let x(d) = -276*d + 12675. Let b be x(46). Give h(b).
22
Let v(r) be the third derivative of -r**4/24 - 2*r**3/3 + 3*r**2. Let c = 587 + -580. Suppose 124*u - 123*u = -c. Give v(u).
3
Let j(c) = -3*c - 4. Let n(x) = 23*x - 64. Let b(d) = -6*j(d) - n(d). Give b(18).
-2
Suppose 2*x + w + 49 + 13 = 0, -2*x - 78 = 5*w. Let m be (-5)/((-1*1)/(-28 - x)). Let b(y) = -2*y + 16. Calculate b(m).
6
Let p(h) be the first derivative of h**3/3 - 5*h**2/2 + 2*h + 1902. Determine p(6).
8
Let z(y) = y**2 + 10*y - 6. Let u = 15766 + -15774. What is z(u)?
-22
Let p(h) be the first derivative of -h**4/4 - 26*h**3/3 + 14*h**2 + 28*h - 478. What is p(-27)?
1
Let y(i) = -14*i**3 - 2*i**2 + 1. Let j(q) = -3*q + 49. Let z be j(17). Let o(l) = -12*l - 23. Let m be o(z). Determine y(m).
-15
Suppose -2*h - 3*h + 3*i = 45, -2*h = -4*i + 32. Let t be (-2 + 1)/((-295)/(-50) + h). Let r(w) = -26*w + 25*w - t*w**3 - 13*w**3. What is r(-1)?
24
Suppose 2*s - 2*u - 14 = 5*s, 2*s + u = -8. Let c(f) = f**3 + 3*f**2 + 2*f + 3. Let a be c(s). Let p(k) = -5*k**2 - k - k + k + 3 - k**a - 1. Calculate p(-3).
-13
Let y(w) = -11*w - 4. Let z(v) be the second derivative of 9*v**3 + 21*v**2/2 + 18*v - 2. Let m(o) = 21*y(o) + 4*z(o). Give m(-2).
30
Let k(z) = 2*z**3 + 3*z**2 + 7. Let p be -5 - (3 + -9 - 3/(-6)*8). Determine k(p).
-20
Suppose -4*l = -v + 4, 0 = 2*v + 3*v + l + 1. Let g(c) = 3 + v + 0 - c**3 - 3*c**2 + 0*c + 2*c. Let p = -2964 + 2961. Determine g(p).
-3
Let n(u) = 6*u - 61. Let o = 5313 - 5303. Determine n(o).
-1
Let a(g) = -7*g - 2. Suppose -63*q + 51*q = -300. Let m = q + -30. Give a(m).
33
Let q be 18/30 + (42/30 - -5). Let l(n) = -n**2 + 21*n - 94. What is l(q)?
4
Let p(q) be the second derivative of -4*q**3/3 - 34*q**2 - 8*q - 194. Determine p(-14).
44
Let c(b) = -b**2 - 2*b - 4. Let h(a) = a**2 + a + 3. Let l(g) = -3*c(g) - 4*h(g). Let o be (285/(-1881) - 2/11)*-9. Calculate l(o).
-3
Let y(i) = -7*i**3 + 14*i**2 + 77*i - 22. Let m(u) = -3*u**3 + 7*u**2 + 39*u - 9. Let s(b) = 5*m(b) - 2*y(b). Give s(11).
-34
Let d(w) = -36*w - 110. Let o be d(-6). Suppose -o = -8*b - 114. Let s(r) = -3*r**2. Calculate s(b).
-3
Let l(j) = 3*j**2 - 30*j - 19. Let s(a) = -a**2 + 4*a. Let n(u) = -l(u) - 4*s(u). What is n(-8)?
-29
Let u(s) = -2*s + 3. Let a(i) = 17*i - 35. Let l(b) = a(b) + 8*u(b). Calculate l(4).
-7
Suppose 0 = 6*x - 2*x. Let f(m) = 2 - 2 + 2*m**2 + 10 + 8 + 5*m - 7*m**3. Let y(p) = 11*p**3 - 3*p**2 - 8*p - 27. Let c(i) = 8*f(i) + 5*y(i). Determine c(x).
9
Suppose -3*n + 50 + 22 = 0. Suppose n = -51*y + 57*y. Let g(t) be the second derivative of t**4/12 - t**3/3 + t**2 - t. What is g(y)?
10
Let g(q) = -q**3 - 9*q**2 - 8*q - 2. Let i(r) = 2. Let a(z) = 4*z + 84. Let o(m) = 2*a(m) - 56*i(m). Let b = -92 - -84. Let s be o(b). Calculate g(s).
-2
Let j(x) = x**3 + 22*x**2 - 2*x - 53. Suppose 2*c + 2 = 0, -4*c + 13 = -2*f - 27. Give j(f).
-9
Let o(u) = -u**3 + 6*u**2 - 2*u - 3. Suppose -d - 10 = -6*d + 3*p, 2*d + 12 = -2*p. Let g be 57/(-19)*2*d. Give o(g).
-15
Let y(g) = -248323 - 248303 + 496596 - 82*g + 6*g**2. What is y(14)?
-2
Let p(i) = 4*i**3 + 11*i**2 - 15*i + 23. Let c(r) = 7*r**3 + 20*r**2 - 27*r + 45. Let a(k) = -5*c(k) + 9*p(k). Determine a(0).
-18
Let j(l) = 5*l + 2. Let g be 4/(-38) - ((-56)/76)/7. Suppose g = 2*i + 3*m - m - 18, -4*i + m = -11. What is j(i)?
22
Let p(a) = -a**2 + 11*a